e units digit of 3337725?
5
What is the ten thousands digit of 301257?
0
What is the hundreds digit of 544432?
4
What is the ten thousands digit of 15422?
1
What is the hundred thousands digit of 336918?
3
What is the hundred thousands digit of 7824713?
8
What is the units digit of 211163?
3
What is the thousands digit of 101987?
1
What is the ten thousands digit of 77523?
7
What is the hundred thousands digit of 9053503?
0
What is the tens digit of 37688?
8
What is the ten millions digit of 17003130?
1
What is the millions digit of 2769277?
2
What is the tens digit of 964451?
5
What is the thousands digit of 295617?
5
What is the units digit of 111600?
0
What is the thousands digit of 743300?
3
What is the units digit of 2094434?
4
What is the hundreds digit of 48821?
8
What is the thousands digit of 519608?
9
What is the thousands digit of 1543352?
3
What is the ten thousands digit of 2283901?
8
What is the units digit of 175178?
8
What is the thousands digit of 1272589?
2
What is the hundreds digit of 3947254?
2
What is the units digit of 2235461?
1
What is the tens digit of 1391268?
6
What is the hundreds digit of 185602?
6
What is the ten thousands digit of 182504?
8
What is the tens digit of 1240907?
0
What is the hundreds digit of 95920?
9
What is the thousands digit of 661525?
1
What is the tens digit of 5819048?
4
What is the ten thousands digit of 37410?
3
What is the thousands digit of 1579768?
9
What is the thousands digit of 1151921?
1
What is the thousands digit of 1360849?
0
What is the units digit of 725000?
0
What is the thousands digit of 1568758?
8
What is the hundreds digit of 278995?
9
What is the units digit of 1216573?
3
What is the hundred thousands digit of 2492077?
4
What is the tens digit of 39317?
1
What is the ten thousands digit of 17076341?
7
What is the tens digit of 474379?
7
What is the tens digit of 5101209?
0
What is the ten millions digit of 10330844?
1
What is the millions digit of 36713283?
6
What is the tens digit of 5656006?
0
What is the hundreds digit of 266514?
5
What is the ten thousands digit of 4448025?
4
What is the tens digit of 300010?
1
What is the thousands digit of 5401220?
1
What is the millions digit of 1263146?
1
What is the thousands digit of 5995988?
5
What is the hundred thousands digit of 200178?
2
What is the hundreds digit of 468176?
1
What is the units digit of 1311089?
9
What is the units digit of 216374?
4
What is the ten thousands digit of 76519?
7
What is the ten thousands digit of 21769565?
6
What is the thousands digit of 474929?
4
What is the thousands digit of 3873030?
3
What is the hundred thousands digit of 14696260?
6
What is the units digit of 9889992?
2
What is the ten thousands digit of 929535?
2
What is the units digit of 8485696?
6
What is the hundred thousands digit of 224825?
2
What is the hundreds digit of 922953?
9
What is the thousands digit of 9503830?
3
What is the thousands digit of 9161?
9
What is the hundred thousands digit of 405090?
4
What is the thousands digit of 1655245?
5
What is the hundred thousands digit of 232916?
2
What is the thousands digit of 24877554?
7
What is the ten thousands digit of 113932?
1
What is the millions digit of 8790871?
8
What is the hundreds digit of 4077456?
4
What is the ten thousands digit of 12408468?
0
What is the ten thousands digit of 12718553?
1
What is the thousands digit of 5637446?
7
What is the tens digit of 1455213?
1
What is the hundreds digit of 385562?
5
What is the thousands digit of 2491409?
1
What is the tens digit of 8116?
1
What is the hundreds digit of 789430?
4
What is the ten thousands digit of 870975?
7
What is the tens digit of 4567274?
7
What is the thousands digit of 252925?
2
What is the hundred thousands digit of 162240?
1
What is the hundred thousands digit of 320274?
3
What is the thousands digit of 25194668?
4
What is the hundreds digit of 6021256?
2
What is the millions digit of 26987172?
6
What is the ten thousands digit of 354804?
5
What is the hundreds digit of 70904?
9
What is the hundred thousands digit of 2064804?
0
What is the units digit of 21215416?
6
What is the thousands digit of 29047029?
7
What is the millions digit of 6326173?
6
What is the thousands digit of 1986564?
6
What is the thousands digit of 13445284?
5
What is the hundred thousands digit of 707126?
7
What is the hundred thousands digit of 3842838?
8
What is the tens digit of 504100?
0
What is the ten thousands digit of 3213255?
1
What is the hundred thousands digit of 669511?
6
What is the tens digit of 58325?
2
What is the millions digit of 11600959?
1
What is the tens digit of 420262?
6
What is the hundreds digit of 783105?
1
What is the hundreds digit of 518632?
6
What is the tens digit of 947478?
7
What is the ten thousands digit of 374566?
7
What is the hundred thousands digit of 291034?
2
What is the thousands digit of 1033043?
3
What is the units digit of 310902?
2
What is the hundred thousands digit of 9126823?
1
What is the hundred thousands digit of 4600939?
6
What is the hundred thousands digit of 1215461?
2
What is the thousands digit of 65149?
5
What is the tens digit of 1804029?
2
What is the ten thousands digit of 737666?
3
What is the ten thousands digit of 13465751?
6
What is the hundreds digit of 2122737?
7
What is the units digit of 58810?
0
What is the millions digit of 2334286?
2
What is the tens digit of 1236806?
0
What is the tens digit of 16967118?
1
What is the tens digit of 3209630?
3
What is the tens digit of 589549?
4
What is the thousands digit of 2292548?
2
What is the tens digit of 245753?
5
What is the thousands digit of 11973835?
3
What is the hundreds digit of 2326695?
6
What is the hundred thousands digit of 343955?
3
What is the tens digit of 1683507?
0
What is the hundreds digit of 180984?
9
What is the hundred thousands digit of 246352?
2
What is the hundred thousands digit of 5700662?
7
What is the hundreds digit of 176533?
5
What is the hundred thousands digit of 341421?
3
What is the hundreds digit of 7216846?
8
What is the hundred thousands digit of 346598?
3
What is the ten thousands digit of 6633006?
3
What is the units digit of 582561?
1
What is the hundreds digit of 1030159?
1
What is the ten thousands digit of 12771276?
7
What is the ten thousands digit of 351513?
5
What is the hundred thousands digit of 219525?
2
What is the ten thousands digit of 596244?
9
What is the hundreds digit of 146909?
9
What is the thousands digit of 44604?
4
What is the thousands digit of 10762424?
2
What is the hundred thousands digit of 2117957?
1
What is the millions digit of 1799553?
1
What is the units digit of 862935?
5
What is the hundred thousands digit of 616961?
6
What is the hundred thousands digit of 561617?
5
What is the thousands digit of 399039?
9
What is the thousands digit of 13317416?
7
What is the ten thousands digit of 269308?
6
What is the hundred thousands digit of 885159?
8
What is the tens digit of 4243080?
8
What is the hundred thousands digit of 311640?
3
What is the hundreds digit of 5635098?
0
What is the hundreds digit of 530146?
1
What is the millions digit of 12741789?
2
What is the hundred thousands digit of 359181?
3
What is the thousands digit of 3986610?
6
What is the hundred thousands digit of 2759211?
7
What is the hundred thousands digit of 13698354?
6
What is the ten millions digit of 14103900?
1
What is the ten thousands digit of 1428269?
2
What is the hundred thousands digit of 1384620?
3
What is the ten thousands digit of 264926?
6
What is the ten thousands digit of 59559?
5
What is the hundred thousands digit of 4830522?
8
What is the ten thousands digit of 596303?
9
What is the units digit of 7006056?
6
What is the tens digit of 757257?
5
What is the hundreds digit of 14966778?
7
What is the hundreds digit of 8113617?
6
What is the thousands digit of 2816812?
6
What is the thousands digit of 783205?
3
What is the units digit of 129100?
0
What is the hundreds digit of 278697?
6
What is the ten thousands digit of 4532511?
3
What is the thousands digit of 128609?
8
What is the ten thousands digit of 188884?
8
What is the units digit of 76089?
9
What is the ten thousands digit of 1641385?
4
What is the ten thousands digit of 112019?
1
What is the hu